termine i(10).
8
Let t(y) = y**3 - y**2 - y + 40. Calculate t(0).
40
Let l(k) = -k**3 + 12*k**2 + 133*k + 17. What is l(19)?
17
Let s(m) = m**2 - 5*m + 2. Give s(7).
16
Let m(j) = -j**3 - 5*j**2 + 6*j - 8. Calculate m(-6).
-8
Let w(p) = -p**3 + 14*p**2 - 6*p + 27. Give w(12).
243
Let m(w) = -3*w - 14. Calculate m(-9).
13
Let q(y) = 2*y**3 + 20*y**2 + 2*y - 1. What is q(-10)?
-21
Let r(g) = g**2 - 28*g + 27. Determine r(27).
0
Let i(x) = -x - 13. Calculate i(-7).
-6
Let y(i) = -i**2 - 29*i - 60. Calculate y(-26).
18
Let h(g) = 18*g + 55. Give h(-3).
1
Let f(r) = -3*r**2 + 5*r - 3. What is f(1)?
-1
Let s(l) = l + 15. Determine s(-12).
3
Let u(s) = -s**2 + 2*s + 8. Determine u(-4).
-16
Let t(r) = 9*r + 184. Calculate t(-21).
-5
Let g(t) = -t**3 - 29*t**2 - 155*t - 26. Give g(-22).
-4
Let s(y) = -y**3 + 29*y**2 - 38. What is s(29)?
-38
Let c(n) = n**3 + 10*n**2 + 7*n - 9. What is c(-9)?
9
Let q(m) = m**2 - 6*m - 27. Give q(9).
0
Let a(w) = w + 1. Determine a(7).
8
Let d(u) = u**2 - 12*u + 16. Give d(12).
16
Let t(r) = -82*r - 4. Calculate t(2).
-168
Let o(y) = -y**2 + 14*y + 5. What is o(15)?
-10
Let k(c) = -38*c. Calculate k(1).
-38
Let q(g) = -3*g**2 - 9*g + 1. Calculate q(-7).
-83
Let y(u) = 17*u**2 + 28*u + 7. Give y(-2).
19
Let l(a) = a**3 - 13*a**2 - 3*a - 18. Determine l(13).
-57
Let q(z) = -z**3 - 9*z**2 - 8. Calculate q(-8).
-72
Let c(y) = -y**3 + 4*y**2 + 2*y + 5. Give c(5).
-10
Let z(d) = -d**2 + 20*d - 22. Calculate z(14).
62
Let z(u) = u**3 + 16*u**2 - 19*u - 36. Determine z(-17).
-2
Let a(f) = 2*f**2 - 19*f - 10. Calculate a(10).
0
Let s(g) = 18*g - 493. Give s(27).
-7
Let a(f) = -f**2 - 16*f - 37. Calculate a(-3).
2
Let j(i) = 3*i**2 - 6*i - 7. Calculate j(5).
38
Let d(w) = w**3 + 10*w**2 - 25*w - 19. Give d(-12).
-7
Let a(p) = 26*p - 241. Calculate a(9).
-7
Let c(r) = -r**3 - 7*r**2 - 10*r - 5. Give c(-5).
-5
Let s(w) = 7*w - 271. Give s(37).
-12
Let c(l) = -l**2 - 12*l. Calculate c(-12).
0
Let m(b) = -7*b - 33. Calculate m(-4).
-5
Let n(l) = -l**3 - 6*l**2 - 11*l + 1. Calculate n(-4).
13
Let i(a) = 8*a - 48. What is i(7)?
8
Let c(f) = f**3 + 5*f**2 + 2*f - 10. Calculate c(-3).
2
Let b(s) = -2*s - 3. What is b(0)?
-3
Let u(c) = c**3 - 8*c**2 - c + 1. Determine u(8).
-7
Let m(u) = 6*u**3 - 3*u**2 + u + 6. Determine m(-2).
-56
Let i(p) = -p**3 - 3*p**2 + 8*p - 10. Calculate i(4).
-90
Let f(w) = -2*w**3 + 7*w**2 - 8*w - 8. Calculate f(4).
-56
Let u(b) = b**2 - b - 3. Calculate u(-4).
17
Let p(q) = 2*q**2 + 5*q - 31. Determine p(-7).
32
Let i(b) = -24*b + 5. What is i(-3)?
77
Let o(p) = -14*p + 219. Give o(15).
9
Let i(d) = -d**3 + 8*d**2 + 19*d + 8. Give i(10).
-2
Let i(o) = o**3 + 16*o**2 + 38*o - 15. Calculate i(-13).
-2
Let k(l) = -15*l**2 - 2*l + 2. Give k(-2).
-54
Let d(h) = 30*h - 29. Give d(1).
1
Let q(d) = 24*d - 3. Calculate q(2).
45
Let d(j) = -j**2 - 15*j - 62. What is d(-8)?
-6
Let x(d) = -d**3 + 16*d**2 - 18*d + 20. Give x(15).
-25
Let x(s) = 2*s**3 + 5*s**2 + 2*s - 5. Give x(-3).
-20
Let i(s) = -37*s**2 - s. Calculate i(1).
-38
Let o(n) = -n**3 + 17*n**2 - 32*n + 33. Determine o(15).
3
Let q(k) = -k - 14. What is q(0)?
-14
Let c(b) = 19*b**2 - 114*b + 2. Determine c(6).
2
Let s(y) = -39*y - 2. What is s(1)?
-41
Let j(v) = v**3 + 13*v**2 - 13*v + 7. What is j(-14)?
-7
Let c(v) = v - 14. Determine c(-7).
-21
Let n(s) = 10*s + 3. Give n(4).
43
Let i(x) = -x**3 - 12*x**2 - 11*x - 1. Determine i(-11).
-1
Let v(a) = 9*a**3 - 1. Give v(-1).
-10
Let u(v) = -2*v**2 - 16*v + 1. What is u(-9)?
-17
Let s(b) = -b**2 + 4*b - 3. Determine s(3).
0
Let y(d) = -4*d**2 - 43*d - 3. Give y(-10).
27
Let c(w) = w**3 - 9*w**2 + 20*w - 23. What is c(7)?
19
Let x(u) = u**2 + 17*u + 6. What is x(-14)?
-36
Let u(b) = -b**2 - 26*b + 456. Calculate u(-38).
0
Let o(g) = g**3 + g**2 - 4*g + 3. Determine o(2).
7
Let d(a) = -a**2 + 87*a - 1592. Determine d(61).
-6
Let k(s) = -s**3 + 5*s**2 + 11*s - 5. Determine k(7).
-26
Let i(n) = n**3 + 18*n**2 + 3*n + 49. Calculate i(-18).
-5
Let a(r) = 48*r - 26. Give a(0).
-26
Let h(d) = 2*d**2 - d - 22. Give h(0).
-22
Let i(x) = -9*x + 5. Give i(1).
-4
Let y(f) = -3*f - 33. Determine y(-10).
-3
Let i(g) = -g**3 + 6*g**2 + 3*g - 47. Calculate i(5).
-7
Let h(q) = q**2 - 9*q + 15. Determine h(6).
-3
Let u(x) = -x. Give u(1).
-1
Let a(z) = 53*z**2 + 4*z - 4. Give a(1).
53
Let r(n) = -n**3 + 11*n**2 + 79*n - 8. Determine r(-5).
-3
Let c(u) = u**2 - 20*u + 14. What is c(19)?
-5
Let a(f) = -f**3 - 8*f**2 - 5*f + 13. Determine a(-7).
-1
Let u(h) = -36*h - 208. What is u(-6)?
8
Let b(u) = -u**3 + 3*u**2 + 2*u - 5. Give b(4).
-13
Let d(s) = 124*s - 253. Give d(2).
-5
Let s(y) = -3*y**3 + y**2. What is s(-1)?
4
Let l(z) = 13*z - 2. Determine l(4).
50
Let l(o) = -15*o - 97. What is l(-5)?
-22
Let h(k) = -k**3 + 11*k**2 - 8*k - 3. What is h(10)?
17
Let a(v) = -v**2 - 12*v - 4. What is a(-11)?
7
Let z(j) = -j**3 - 8*j**2 - 6*j + 11. Give z(-7).
4
Let f(v) = -v + 32. Give f(20).
12
Let g(l) = -l**3 - 22*l**2 + 25*l + 41. Determine g(-23).
-5
Let a(h) = -h**2 + 16*h - 5. What is a(11)?
50
Let w(y) = -y**2 + 7*y + 15. Determine w(12).
-45
Let s(g) = g**3 + 7*g**2 - 6*g + 10. Calculate s(-8).
-6
Let z(p) = p**2 + 5*p - 7. Give z(2).
7
Let s(x) = x**2 + 7*x + 4. Give s(-8).
12
Let r(z) = z**3 + 12*z**2 - 4*z - 30. Calculate r(-12).
18
Let n(t) = -2*t**3 - 12*t**2 + 10*t + 5. Give n(-7).
33
Let g(m) = -m**3 + 3*m**2 + 7*m + 5. What is g(4)?
17
Let t(c) = 11*c - 19. Calculate t(-8).
-107
Let q(l) = -4*l - 63. Determine q(-15).
-3
Let b(n) = -n**2 + 162*n - 1229. What is b(8)?
3
Let w(q) = -q**2 - 13*q - 20. Determine w(-7).
22
Let c(l) = -l + 10. Determine c(-9).
19
Let s(h) = -5*h**2 + 16*h - 9. What is s(5)?
-54
Let x(r) = 9*r + 77. Calculate x(-23).
-130
Let q(g) = -g**2 - 19*g + 248. Determine q(-28).
-4
Let j(h) = h + 16. Determine j(-18).
-2
Let p(i) = -4*i**2 - 24*i + 1. Calculate p(-6).
1
Let u(m) = -m**3 - 5*m**2 - 4*m + 1. Give u(-2).
-3
Let k(y) = y**2 + 11*y + 2. Determine k(-9).
-16
Let y(o) = -o**3 + 26*o**2 - 26*o + 48. Give y(25).
23
Let m(a) = -a**2 - 14*a - 10. Calculate m(-12).
14
Let o(s) = -s**2 + s + 13. Determine o(0).
13
Let a(h) = 2*h**2 - 3*h + 2. Determine a(3).
11
Let l(k) = -k - 8. What is l(-6)?
-2
Let v(s) = -9*s + 6. Calculate v(3).
-21
Let x(d) = -3*d - 8. Determine x(-4).
4
Let p(f) = -f + 10. Give p(-17).
27
Let x(m) = -m**3 - 7*m**2 + 18*m + 19. Calculate x(-8).
-61
Let z(f) = 2*f**2 + 2*f - 4. Calculate z(2).
8
Let o(a) = 6*a + 6. Determine o(-4).
-18
Let q(o) = -5*o**2 - 46*o - 9. Calculate q(-9).
0
Let a(t) = t**3 + t**2 - 2*t - 5. Determine a(-3).
-17
Let h(p) = -p + 4. What is h(-12)?
16
Let r(i) = -2*i**3 + 5*i**2 - 6*i + 2. Determine r(4).
-70
Let o(f) = f**2 + 17*f - 8. What is o(-18)?
10
Let n(i) = -6*i. Calculate n(-3).
18
Let j(l) = -3*l - 131. What is j(-41)?
-8
Let w(d) = 17*d. Give w(2).
34
Let n(v) = 44*v + 5. Determine n(-1).
-39
Let k(z) = 6*z + 1. Give k(5).
31
Let l(r) = r**3 + 4*r**2 - 4*r + 5. What is l(-5)?
0
Let b(p) = -7*p - 56. What is b(-6)?
-14
Let d(o) = -o**2 - 20*o - 79. Determine d(-6).
5
Let v(n) = n**3 + 8*n**2 + 3*n - 9. Determine v(-5).
51
Let x(v) = 8*v - 73. Calculate x(5).
-33
Let n(j) = 2*j**2 - 9*j + 14. What is n(3)?
5
Let v(a) = -a**2 + a + 21. Give v(0).
21
Let n(x) = -x + 35. Calculate n(11).
24
Let a(m) = -m**3 + 7*m**2 + 2*m - 20. Calculate a(7).
-6
Let s(r) = r**3 - 3*r**2 - r - 3. Give s(4).
9
Let k(j) = -7*j + 20. Determine k(-11).
97
Let z(v) = -6*v + 4. Determine z(-4).
28
Let h(x) = 42*x - 276. Give h(6).
-24
Let p(v) = 5*v**3 - 33*v**2 - 16*v + 10. Determine p(7).
-4
Let r(x) = 8*x - 147. Determine r(16).
-19
Let t(j) = -7*j + 37. Give t(6).
-5
Let y(d) = -d**2 - 4*d + 5. Calculate y(-6).
-7
Let z(a) = -a**3 - 3*a**2 + 3*a + 4. What is z(-4)?
8
Let c(q) = 8*q - 78. Give c(11).
10
Let b(c) = -2*c**2 + c - 1. Calculate b(3).
-16
Let f(g) = -g**3 - 2*g**2 + 6*g + 3. Calculate f(4).
-69
Let n(v) = v**3 - 12*v**2 - 27*v - 2. What is n(14)?
12
Let q(i) = -35*i - 173. What is q(-5)?
2
Let w(x) = 2*x + 4. Calculate w(-5).
-6
Let j(d) = d**2 - 16*d - 185. Calculate j(-8).
7
Let u(q) = -q**2 - 3*q - 1. Determine u(-5).
-11
Let o(t) = t**3 + 20*t**2 + t + 13. What is o(-20)?
-7
Let g(d) = 7*d + 83. Determine g(-12).
-1
Let y(k) = k**3 - 20*k**2 + 34*k + 